13233. What is g(10)?
13
Let g(t) = -t**3 - 9*t**2 - 16*t + 11. Give g(-7).
25
Let u(h) = 15*h**3 - 2160*h**2 + h - 268. What is u(144)?
-124
Let t(j) = j**3 + 25*j**2 - 355*j + 42. Calculate t(10).
-8
Let m(o) = -o**2 - 46*o + 123. Calculate m(-47).
76
Let x(s) = -145*s + 6237. Determine x(43).
2
Let m(x) = -x**3 - 283*x**2 - 574*x - 3378. Give m(-281).
-6
Let m(k) = 21*k + 23. Give m(-2).
-19
Let d(t) = -5092*t - 61111. Calculate d(-12).
-7
Let o(n) = -n**3 + 34*n**2 + 2402*n - 440. Determine o(-35).
15
Let l(v) = -2*v**3 - 69*v**2 + 32*v - 83. What is l(-35)?
22
Let a(z) = -232*z + 39899. Calculate a(172).
-5
Let x(a) = -a**2 + 32*a - 168. Determine x(6).
-12
Let m(n) = 2*n**2 + 95*n - 349. What is m(-51)?
8
Let f(q) = -639*q + 7665. Determine f(12).
-3
Let n(v) = -52*v + 959. What is n(20)?
-81
Let x(w) = -197*w - 398. Give x(-2).
-4
Let r(w) = -66*w + 1375. Calculate r(21).
-11
Let c(h) = 87*h + 325. What is c(-12)?
-719
Let i(c) = -2*c**2 - 27*c - 29. Calculate i(-8).
59
Let k(g) = g**2 - 14*g - 21. What is k(-6)?
99
Let b(f) = f**2 + 347*f + 9506. Calculate b(-30).
-4
Let o(k) = 426*k + 11083. Give o(-26).
7
Let g(c) = 61*c - 641. Determine g(11).
30
Let r(t) = -5*t + 75. What is r(11)?
20
Let l(n) = 274*n**2 - 826*n + 3. Calculate l(3).
-9
Let a(w) = -w**3 + 28*w**2 + 93*w - 37. Give a(31).
-37
Let z(t) = -13*t + 18. Determine z(-4).
70
Let c(h) = 120*h + 1256. Determine c(-11).
-64
Let j(h) = 4*h**3 - 4*h**2 - 2*h - 12. Give j(0).
-12
Let i(z) = -14*z - 340. What is i(-28)?
52
Let m(i) = -3*i**3 + 10*i**2 + 32*i + 22. Calculate m(-1).
3
Let y(w) = -4*w**2 + 127*w + 301. Calculate y(34).
-5
Let i(y) = -1224*y + 4942. What is i(4)?
46
Let f(s) = 17*s + 8. Determine f(0).
8
Let t(o) = 67*o + 1676. What is t(-25)?
1
Let s(o) = 13*o**2 + 253*o + 13. What is s(-13)?
-1079
Let j(o) = 122*o - 49. Calculate j(-4).
-537
Let b(d) = -d**3 - 8*d**2 + 13*d + 73. Give b(-10).
143
Let k(t) = t**3 + 16*t**2 - 12*t + 1. Determine k(-16).
193
Let z(t) = 46*t + 5. Determine z(-4).
-179
Let k(l) = -17*l**3 + 3*l**2 - l. Give k(-1).
21
Let p(y) = 85*y**3 - 249*y**2 - 5*y - 11. Calculate p(3).
28
Let o(m) = -2*m**2 - 62*m + 446. Give o(6).
2
Let z(x) = 4*x**3 + 189*x**2 + 45*x + 157. What is z(-47)?
251
Let m(u) = u**3 + 11*u**2 - 40*u - 323. Give m(-12).
13
Let l(g) = 5*g + 44. Determine l(31).
199
Let k(g) = -g**3 - g**2 + 12*g + 5. Give k(0).
5
Let f(y) = y**2 - 95*y + 2250. Calculate f(51).
6
Let a(z) = -z**3 + 65*z**2 - 400*z + 1. Calculate a(7).
43
Let j(w) = 64*w**2 - 429*w + 10. Calculate j(6).
-260
Let a(x) = -2*x**3 - 81*x**2 - 56*x - 583. What is a(-40)?
57
Let f(a) = -2*a**2 - 164*a - 319. Give f(-80).
1
Let l(r) = -r**3 + r**2 - 3*r + 6. Calculate l(2).
-4
Let u(g) = g**3 - 30*g**2 + 74*g + 192. Determine u(27).
3
Let b(v) = 452*v - 10409. Determine b(23).
-13
Let v(g) = -267*g - 2410. What is v(-9)?
-7
Let h(g) = -4*g**2 - 12*g + 23. Calculate h(-6).
-49
Let v(m) = -262*m**2 + 73*m + 73. Determine v(-1).
-262
Let q(s) = 1375*s + 13744. What is q(-10)?
-6
Let h(n) = -n**3 + 31*n**2 - 194*n - 25. Give h(9).
11
Let o(p) = -2*p**3 - 13*p**2 + p - 39. Determine o(-7).
3
Let m(b) = 12*b**2 + 182*b + 30. What is m(-16)?
190
Let b(j) = 8*j**2 - 75*j + 164. Give b(6).
2
Let a(p) = 353*p + 48. Calculate a(3).
1107
Let a(j) = -j**2 + 281*j - 9064. Give a(37).
-36
Let j(m) = m**3 - 6*m**2 - 10*m - 47. What is j(8)?
1
Let a(y) = -704*y + 720. Give a(1).
16
Let g(z) = z**3 - 12*z**2 - 108*z + 3. Determine g(-6).
3
Let u(g) = -431*g - 13. Determine u(0).
-13
Let j(a) = -a - 104. Determine j(-43).
-61
Let u(x) = 83*x - 341. What is u(5)?
74
Let n(q) = q**3 - 12*q**2 + 8*q - 327. Calculate n(13).
-54
Let u(i) = i**2 + 28*i + 164. What is u(-9)?
-7
Let j(n) = -769*n + 3073. What is j(4)?
-3
Let c(a) = 41115*a + 370040. Calculate c(-9).
5
Let q(d) = -3*d**3 + 45*d**2 + 20*d - 287. Give q(15).
13
Let k(l) = -335*l - 48573. What is k(-145)?
2
Let w(l) = -l**3 - 10*l**2 + 53*l + 40. What is w(-14)?
82
Let d(i) = -i**3 - 96*i**2 + 888*i + 5826. Give d(-104).
2
Let p(y) = -y**3 - 29*y**2 - 98*y + 48. What is p(-25)?
-2
Let w(k) = -11*k + 286. Give w(24).
22
Let r(d) = -d**3 + d**2 + 34*d + 18. Give r(-5).
-2
Let w(o) = 319*o + 32216. What is w(-101)?
-3
Let w(z) = -13*z + 278. Determine w(23).
-21
Let d(y) = y**2 - 8*y + 9. Determine d(7).
2
Let l(n) = -2100*n - 8416. What is l(-4)?
-16
Let z(c) = -24*c + 683. What is z(24)?
107
Let w(t) = -29*t**2 + 870*t. Calculate w(30).
0
Let a(q) = -118*q + 1056. Give a(9).
-6
Let j(d) = -4*d**3 + 4*d**2 - 8*d + 6. Give j(3).
-90
Let k(x) = 1583*x - 1707. Give k(1).
-124
Let l(q) = 13*q + 52. Determine l(-4).
0
Let v(p) = -p**3 - 3*p**2 + 75*p - 1. Calculate v(5).
174
Let a(g) = 3*g**2 - 108*g + 66. Give a(35).
-39
Let f(o) = -o**3 + 22*o**2 - 90*o - 101. What is f(16)?
-5
Let r(m) = -31*m - 119. Calculate r(-17).
408
Let g(k) = -64*k + 4553. Calculate g(71).
9
Let o(x) = -x**3 + 73*x**2 + 151*x - 101. Calculate o(75).
-26
Let v(t) = -11*t - 860. What is v(-67)?
-123
Let q(z) = -15*z**2 + 298*z + 602. Give q(-2).
-54
Let y(v) = 3*v**2 + 129*v - 1051. Determine y(7).
-1
Let d(q) = q**2 - 3*q - 155. Determine d(-13).
53
Let n(k) = 2*k**3 + 72*k**2 - 62*k + 440. Give n(-37).
-4
Let i(r) = r**3 + 5*r**2 - 76*r - 218. Determine i(-10).
42
Let z(w) = -4*w**2 + 907*w + 17606. What is z(-18)?
-16
Let g(j) = -69*j**2 - 6*j - 24. Calculate g(-2).
-288
Let j(t) = 2115*t - 2110. Determine j(1).
5
Let k(s) = -7*s + 112. Give k(42).
-182
Let q(z) = -2*z**3 - 114*z**2 - 212*z + 432. Give q(-55).
-8
Let l(i) = i**2 - 2*i + 77. Calculate l(0).
77
Let k(l) = -2518*l + 5034. Calculate k(2).
-2
Let i(l) = -2*l**2 + 32*l - 76. Calculate i(4).
20
Let g(r) = -66*r**2 + 6*r - 27. Calculate g(3).
-603
Let t(l) = l**3 - 75*l**2 - 394*l - 587. Determine t(80).
-107
Let t(g) = 2*g**2 + 35*g + 245. What is t(-8)?
93
Let s(a) = -12*a + 71. What is s(14)?
-97
Let q(m) = -m**3 + 8*m**2 - m - 36. Give q(7).
6
Let o(i) = i**3 - 4*i**2 + 19*i - 44. What is o(0)?
-44
Let r(v) = 2664*v + 10659. What is r(-4)?
3
Let s(h) = -2*h**2 - 12*h + 200. Calculate s(8).
-24
Let f(b) = b**3 + 194*b**2 + 762*b + 359. Determine f(-190).
-21
Let b(x) = -x**3 - 17*x**2 - 63*x + 27. What is b(-11)?
-6
Let m(z) = -z**2 + 31*z + 122. Give m(35).
-18
Let a(t) = -9*t**3 + t**2 - 2*t + 3. Determine a(2).
-69
Let v(j) = j**3 - 40*j**2 + 257*j - 39. What is v(32)?
-7
Let v(n) = -1501*n - 4541. What is v(-3)?
-38
Let p(j) = 592*j + 9544. Give p(-16).
72
Let k(h) = 24*h - 88. Calculate k(5).
32
Let b(u) = -10*u**2 + 18*u + 13. Give b(4).
-75
Let c(o) = o**3 - 16*o**2 + 3*o - 334. Calculate c(17).
6
Let j(g) = -59*g - 767. Calculate j(-13).
0
Let y(q) = 2*q**2 - 101*q + 1163. Give y(33).
8
Let q(i) = 12*i + 78. Determine q(-18).
-138
Let h(q) = -4*q**3 - 27*q**2 - 61*q - 32. Give h(-3).
16
Let j(p) = -p**2 + 88*p + 3010. What is j(114)?
46
Let u(i) = -2422*i - 4850. Determine u(-2).
-6
Let u(m) = m**3 + 7*m**2 - 10*m + 106. Give u(-10).
-94
Let k(b) = -123*b**3 - 151*b + 152. Determine k(1).
-122
Let h(x) = x**3 + 15*x**2 + 26*x - 2. Give h(-13).
-2
Let r(v) = -v**3 - 6*v**2 + 36*v - 2. Give r(0).
-2
Let v(o) = 2*o**3 - 43*o**2 + 39*o - 21. Determine v(20).
-441
Let o(p) = -215*p - 642. Determine o(-3).
3
Let g(f) = 71*f + 2670. Determine g(-37).
43
Let x(g) = -g**3 + 7*g**2 + 27*g - 100. Calculate x(9).
-19
Let v(q) = -214*q + 40826. Give v(191).
-48
Let f(j) = -54*j + 102. Give f(6).
-222
Let k(x) = x**3 + x**2 - 9*x - 5. What is k(-6)?
-131
Let l(u) = u**2 + 1606*u - 3216. What is l(2)?
0
Let x(y) = -238*y + 1195. What is x(5)?
5
Let c(d) = -d**3 + 12*d**2 - 3*d + 15. Determine c(10).
185
Let k(n) = -6*n - 327. What is k(-53)?
-9
Let d(p) = 10*p**3 - 183*p**2 + 58*p - 40. Determine d(18).
32
Let i(z) = z**3 + 22*z**2 + 93*z + 548. Calculate i(-18).
170
Let r(j) = 15*j + 489. Give r(-17).
234
Let t(w) = 2521*w + 30252. Give t(-12).
0
Let g(t) = -22*t**3 - 106*t**2 - 18*t - 64. Give g(-5).
126
Let d(a) = -38*a - 1662. Determine d(-44).
10
Let w(b) = b**3 + 3*b**2 + 70*b - 25. Give w(0).
-25
Let x(u) = -u**3 + 25*u**2 - 8*u + 195. Calculate x(25).
-5
Let x(d) = -2*d**3 - 181*d**2 - 90*d - 174. Determine x(-90).
-174
Let w(h) = 53*h - 280. Calculate w(5).
-15
Let z(j) = 121*j + 960. Dete